
Let x = -4466 - -4517. What is the remainder when 1047 is divided by x?
27
Let r = 1163 + -1150. Suppose 18 = 4*w - 18. What is the remainder when 4*w - (-5)/5 is divided by r?
11
Suppose -q + 330 = 4*q. Suppose -5*i + q = -219. Suppose 164 = 18*n - 52. What is the remainder when i is divided by n?
9
Suppose -4*q = 4, 8 = 5*l - 4*q - 6. Calculate the remainder when ((-32)/10 - -3)/(l/(-310)) is divided by (-82)/(-5) - (-8)/(-20).
15
Suppose -2*v + r = -5, 0 = v + r - 25 + 21. Suppose -4*b - 4*g + 251 - 35 = 0, -v*g = -b + 38. What is the remainder when b is divided by 21?
8
What is the remainder when 294 is divided by ((-7)/112*-24)/(3/398)?
95
Let p(z) = z**3 + 3*z**2 - 7*z - 1. Suppose -4*k = -3*k + 1. Let h be (4 + k)/1*(-12)/9. What is the remainder when 39 is divided by p(h)?
6
Calculate the remainder when 98 is divided by (-5)/((-7)/35 + (-2 - (-28)/15)).
8
Suppose 0 = -5*c + 25, 4*o - o - 2*c = 1478. Calculate the remainder when o is divided by 12.
4
Let w(g) = 26*g**2 + 6*g - 38. Let u be w(3). Let j = -94 + u. Calculate the remainder when j is divided by 11.
10
Suppose 24*r - 42 = 3*r. Suppose 0 = -r*m + 2*a + 99 + 101, 4*m - 416 = -4*a. What is the remainder when m is divided by 15?
12
Calculate the remainder when (-35688)/(-144) - ((-246)/(-36) - 7) is divided by 119.
10
Let z = 30454 - 30412. What is the remainder when 190 is divided by z?
22
Let z be (-358)/4 - (66/(-12) + 6). Let c = z - -133. What is the remainder when c is divided by 5?
3
Let z = 748 - 488. Suppose 5*a - a = -z. Let t = 108 + a. What is the remainder when t is divided by 15?
13
Suppose 1713*o = 1718*o - 7785. What is the remainder when o is divided by 82?
81
Let o be (1/1)/(2/8). Suppose o*m + 9 = 105. Suppose 0 = 3*l - h - 44, 3*l + h - 10 = 30. What is the remainder when m is divided by l?
10
Let y(k) = -2 - 11*k**2 - k**2 - 5 + k**3 - 2 - 12*k. What is the remainder when 0/(-1) + (-88)/(-4) is divided by y(13)?
2
Suppose z + 4*g - 14 = 0, -12*z + 5*g = -9*z - 25. Suppose 32*m + 1050 = 47*m. What is the remainder when m is divided by z?
0
Let z(x) = 9*x - 37. Let h(v) = -2*v - 10. Let y be h(-8). Let s = 116 + -68. What is the remainder when s is divided by z(y)?
14
Let t be (-50)/(-325) - (-2)/(-13). What is the remainder when (-5*(t - 1))/(8/232) is divided by 30?
25
Suppose 0 = 3*a - 148 + 154. Let n be ((-1385)/(-30) - 0) + a/12. Suppose 5*d - n = -3*x + 17, -31 = -x - 5*d. Calculate the remainder when 125 is divided by x.
13
Suppose -3*r + 18 = 3*z - 12, -2 = -2*r. Let h(v) = 24*v - 194. What is the remainder when 30 is divided by h(z)?
8
Let p(j) = j**2 + 2*j - 2. Let h be p(-2). Calculate the remainder when (190/h)/(-2 - -1) is divided by 16.
15
Let v = 94 - 103. Suppose 0 = -k - 3*f + 71, k = -4*k + 5*f + 295. What is the remainder when k is divided by v/((-36)/8) - (-12 + -2)?
14
Let f be (114/9*-1)/(4/18). Let j = f - -117. Suppose 0 = 3*g - 12 - j. Calculate the remainder when g is divided by 5.
4
Suppose 42*t = 39*t + 18. Let a = 24 - t. Calculate the remainder when 52 is divided by a.
16
Suppose 3*b + 8973 - 26073 = 0. Suppose 28*x - 32*x + b = 0. Calculate the remainder when (x/(-4))/(-5) - (-6)/8 is divided by 25.
22
Let f = 62 + -51. Let n(z) = z**2 + 4*z - 3. Let a be n(-7). Calculate the remainder when 247/6 + (-3)/a is divided by f.
8
Let x be 7/21 + 17/3. Suppose 25*r - 425 = -0*r. Calculate the remainder when ((-94)/x)/((-1)/3) is divided by r.
13
Let s = -6660 + 7587. What is the remainder when s is divided by 155?
152
What is the remainder when 5821 is divided by -2 + (-2298)/(-54) + (-80)/(-180)?
40
Let k(q) = q**3 - 7*q**2 + 10*q - 10. Let b(i) = -26 - 16 + 2*i + 30. Let g be b(9). What is the remainder when 109 is divided by k(g)?
11
Suppose -17*n = 5*w - 21*n - 416, 6*w - 488 = 2*n. What is the remainder when 224 is divided by w?
64
Let n(x) = -x**2 + 29*x + 416. What is the remainder when 718 is divided by n(-10)?
16
Let a(j) = j**3 - 15*j**2 + 7*j - 11. Suppose -5*t - 18 = -3*t. Let l be 1/((-15)/25)*t. What is the remainder when a(l) is divided by 16?
14
Suppose 20 = 2*t + 136*k - 134*k, -k + 30 = 3*t. Calculate the remainder when 3578 is divided by t.
8
Suppose -2*h = 8, 3*h = -197*z + 193*z + 3936. What is the remainder when z is divided by 325?
12
Let k = 666 - 411. Let p = 88 + k. What is the remainder when p is divided by 8?
7
Suppose 5*l = 3*l + 84. Let g(z) = 7*z + 12. Let r be g(9). Suppose 3*x + 2*x - r = 0. What is the remainder when l is divided by x?
12
Let k(c) = c**2 + 17*c + 93. What is the remainder when k(19) is divided by 87?
81
What is the remainder when 358 is divided by (-12)/18*((-693)/(-2))/(-7)?
28
Let m = -15233 + 15317. What is the remainder when 1077 is divided by m?
69
Let b(j) be the second derivative of -4*j**3/3 + 2*j**2 - 4*j. Calculate the remainder when 103 is divided by b(-6).
51
Let r = 8359 - 8219. Calculate the remainder when 421 is divided by r.
1
What is the remainder when 10/(-6)*((-1644)/3 + -7) is divided by 32?
29
Let g = -400 - -614. Suppose -94 = 3*x - g. What is the remainder when 199 is divided by x?
39
Let n(g) = 2*g**2 - 27*g - 601. What is the remainder when n(-13) is divided by 13?
10
Suppose -15821 = -2*w + 5*d, 4*w = 10*d - 5*d + 31657. What is the remainder when w is divided by 99?
97
Suppose -2*c + 386 = -32*h + 34*h, 5*h - 5*c = 905. What is the remainder when h is divided by 83?
21
Let w(l) = -l**2 + 16*l - 20. Let f be w(14). Suppose 15*x = f*x - 126. What is the remainder when (x/(-27))/(-1) - (-89)/3 is divided by 5?
4
Let h be ((-4 - -3)/(-1))/(3/(-138)). Let q = 108 + h. Calculate the remainder when q is divided by 3/2*10 - 2.
10
What is the remainder when 493 is divided by (-25 + 23)/(4/(-968))?
9
Let o = 2584 + -2598. Let r(f) = -6 - 4*f - 14 - 2. Calculate the remainder when r(o) is divided by 9.
7
Let r be (-188)/(-14) + 264/462. Suppose 0 = 7*p + r*p - 588. Suppose 3*f - 113 = 298. Calculate the remainder when f is divided by p.
25
Let o be 25*-5 - (-48)/(-8). Let q = 163 + o. Calculate the remainder when q is divided by 17.
15
Let h be (4 + -4)/(-7)*(-2)/4. Let l = 9 + 2. Suppose -6*t + l*t - 405 = h. Calculate the remainder when t is divided by 28.
25
Suppose -54*t + 16 = -50*t. Suppose -13*z + 16*z = k - 77, -2*z = -t*k + 338. Calculate the remainder when k is divided by 26.
8
Let r(s) = -27*s + 43. Let h be r(-9). Suppose -5*m - 17*m + h = 0. Calculate the remainder when 1 - 2 - -1 - -48 is divided by m.
9
Calculate the remainder when 548 is divided by (-1946)/(-32) - (-744)/3968.
60
Let x(r) = -13 - 18*r - 13 + 51*r. Let v be x(4). Let k = 125 - v. Calculate the remainder when 48 is divided by k.
10
Let f = 73 + -59. Suppose 7*p = -4*p + 704. What is the remainder when p is divided by f?
8
Suppose 9*h + 144 = -0*h. Calculate the remainder when 24 is divided by -4 - h/4 - -5.
4
Let o(a) = -9 + a**3 - 17*a**2 - 3*a**2 + a - 14*a**3 + 14*a**3. What is the remainder when 46 is divided by o(20)?
2
Let d = -1542 + 683. Let b = 1047 + d. Suppose 4*h - 26 = 5*t - 80, 0 = t - 3*h - 13. What is the remainder when b is divided by t?
8
Let x(p) = -13*p - 195. Let c(v) = 2*v + 2. Let z(d) = -c(d) - x(d). Calculate the remainder when 19 is divided by z(-17).
1
Suppose 4*l - 112 = 18*l. Let x(h) = 2*h**2 + 8*h - 8. Calculate the remainder when x(l) is divided by 20.
16
Suppose 2*x = -3*m + 432, 101 + 43 = m - 2*x. Let l = 199 - m. What is the remainder when l is divided by 5?
0
Let t(h) be the first derivative of -27*h**2/2 - 6*h + 9. Let v be t(-1). Calculate the remainder when 56 is divided by 7/v + (-29)/(-3).
6
Let h = -3761 + 3765. Calculate the remainder when 365 is divided by h.
1
What is the remainder when (6 + -14 - -879) + 11 is divided by 26?
24
Let p(s) = 21*s**2 - 105*s - 794. What is the remainder when p(-7) is divided by 18?
16
Let p(l) = -22*l + 235. Suppose -5*o = -3*o - 3*j - 101, -o = 4*j - 34. Let f = o - 11. Calculate the remainder when p(6) is divided by f.
33
Suppose -2*y - 93 = -993. What is the remainder when y is divided by 147?
9
Suppose y + y = -4*i + 330, -75 = -i - 3*y. Let c = -62 + 72. Suppose 3*o + c - 1 = 0, 2*s + o - 41 = 0. What is the remainder when i is divided by s?
18
Suppose -3*t + 2*j + 2114 = 0, 2*t + 7*j - 1384 = 2*j. Calcu